+ 4. Let m be i(b). Let d = -126 - m. What is the tens digit of d?
1
Suppose -40*z = -17*z - 759. Let i(a) = -a**3 + 31*a**2 + 81*a + 41. What is the hundreds digit of i(z)?
5
Let c(h) = -7*h - 132. Let f be c(-18). What is the tens digit of 1527 + -3 + (f/6 - -3)?
2
Suppose 0*w + 5*w - 15 = 0. Suppose -3*t = -w*z - 3843, -4*z + 2*t - 5119 = 3*t. What is the units digit of (6/4)/((-24)/z)?
0
Let t(n) = n**3 - 80*n**2 - 312*n + 109. What is the thousands digit of t(85)?
9
Let x(p) = -p**3 - 5*p**2 + 8*p - 21. Let u be x(-7). Suppose -16*m + u*m - 3750 = 0. What is the tens digit of m?
5
Suppose 0 = -c - 5*m + 57, -3*c - c - 4*m = -148. Let i = c - -165. What is the units digit of i?
7
What is the hundreds digit of (1 + 14 + -82)/((-2)/1022)?
2
Let j = 11 - 9. Let v = 488 - 289. Suppose -d + v = d - x, x = -j*d + 193. What is the units digit of d?
8
Suppose -2*j + 5*f = -4*j + 20, -j = -f - 3. Suppose -j*v - 2292 = -3*d - 7*v, 5*d - 3833 = v. What is the tens digit of d?
6
Suppose 111812 + 247350 + 12730 = 68*p. What is the tens digit of p?
6
What is the thousands digit of (-488)/10980 + 970202/45?
1
Let t(h) be the third derivative of h**6/120 - 7*h**5/60 + 17*h**4/6 - 5*h**3/3 - 61*h**2. What is the hundreds digit of t(7)?
4
Let u(k) = 7*k - 1. Let m be u(-1). Let r be 10/m*(-6 - 10). Suppose 6*z = z + r. What is the units digit of z?
4
Let q(k) be the second derivative of 0 + 7*k - 3/2*k**2 - 11/2*k**3. What is the units digit of q(-2)?
3
Let i(q) = 3*q**3 + 17*q**2 - 21*q + 108. What is the hundreds digit of i(12)?
4
Let p = 56 - 46. Suppose 4*w + p = 6*w. Suppose -4*u + 399 = -u + 5*l, 4*u = w*l + 497. What is the hundreds digit of u?
1
What is the tens digit of (3 + -4)/(32422/(-6484) - -5)?
4
Let g = 4397 - 3001. Suppose 8*a - g = 5*a - 2*y, 4*y = 2*a - 920. What is the hundreds digit of a?
4
Let n = -456 + 804. Let j(s) = s**3 + 6*s**2 - 5*s - 2. Let o be j(5). Let a = n - o. What is the units digit of a?
0
Suppose 3*j + r + 0*r = 1631, -2*r - 2168 = -4*j. Suppose j = 5*a - 1547. What is the hundreds digit of a?
4
Suppose 18*k - 13*k + 7405 = 0. Let q = -486 - k. What is the units digit of q?
5
Let w = 509 - 504. Suppose 2*o = w*d + 81 - 7426, 4*d - 5878 = 2*o. What is the units digit of d?
7
Let h = 12783 - 2763. What is the units digit of h?
0
Let b(d) = d. Let q = 7 - 7. Let w be b(q). Suppose w = -y + 178 + 19. What is the hundreds digit of y?
1
Let j = 20776 - -692. What is the units digit of j?
8
Suppose -7362 = -4*u - 5*o, o - 201 = 4*u - 7551. What is the units digit of u?
8
Suppose 2*d = -3*z + 10126, 3*z + 62*d - 10106 = 64*d. What is the hundreds digit of z?
3
Suppose -4*k - 7616 - 6952 = -16*k. What is the tens digit of k?
1
Let f(d) be the third derivative of -d**6/120 + d**5/15 - d**4/12 - d**3/6 + 18*d**2. Let a be f(3). Let r = a + 116. What is the units digit of r?
8
Let y = -8146 - -11288. What is the thousands digit of y?
3
Let v(k) = -k**2 - 3*k + 6. Let a be v(-4). Suppose -i = 2*l - 388, -13*i = -8*i - a*l - 2000. What is the hundreds digit of i?
3
Let c = -4689 - -11002. What is the tens digit of c?
1
Let g = 33936 + 12295. What is the ten thousands digit of g?
4
Suppose -1773*s + 1893*s - 3244080 = 0. What is the units digit of s?
4
Let l be (-2)/13 + -94*(-65)/169. What is the units digit of (-54)/l + (2605/2 - 2)?
9
Let j(x) = -145*x**3 + x**2 - 1. Let v be j(-1). Let k be (-2370)/(-2765)*((-28)/6)/(-1). Suppose v = k*z - u - 107, 42 = z + 5*u. What is the units digit of z?
2
Suppose -444604 = -19*v + 637142. What is the thousands digit of v?
6
Suppose 3*z + 5*q - 163074 = 0, 101*z - 106*z + 271679 = -4*q. What is the ten thousands digit of z?
5
Suppose -2*m = m - 666. Suppose -5*s + 78 = -m. Let u = s + -1. What is the units digit of u?
9
Let n(o) be the first derivative of 2*o**5/5 + o**4/24 + o**3/6 - o**2 - 8. Let i(g) be the second derivative of n(g). What is the units digit of i(2)?
9
Let a be -4 - (7 - (4998 - -1)). Suppose -k = i - 1661, 3*k + 2*i = -0*i + a. What is the tens digit of k?
6
Suppose 2*r + 3*i - 19 = -0*i, r = -i + 7. What is the units digit of ((-5894)/(-4))/7*r?
1
Let d(w) = 27*w**3 - 2*w**2 + 4*w - 3. Let r be d(1). Let x = 32 - r. Suppose -4*k + 890 = x*k. What is the units digit of k?
9
Let x(p) = 2*p**2 + 14*p + 89. Let l be x(15). Let a = l + -179. What is the units digit of a?
0
Suppose 2*u = 5*x + 88780, -62*u = -65*u - 4*x + 133239. What is the hundreds digit of u?
4
Let l(g) = -19*g - 10. Let r(n) = -n**2 - 14*n - 24. Let z be r(-11). Let j = z - 16. What is the tens digit of l(j)?
2
Suppose -2*b - o = 726, 4*o = 3*b - b + 746. Let x = -173 - b. What is the tens digit of x?
9
Let z = 2855 + 1441. What is the hundreds digit of z?
2
Let s = -1 + 679. Suppose 19*f - s - 16954 = 0. What is the hundreds digit of f?
9
Suppose -4*g = -28 - 0. Let n(o) = 17*o**2 + 9*o - 6. Let f be n(g). Suppose -5*r + f = -5*t, -r + 5*t + 124 = -34. What is the hundreds digit of r?
1
Let t(i) = 37*i**2 - 9*i - 23. What is the ten thousands digit of t(20)?
1
Suppose 48*t - 36*t - 1704 = 0. Let v = t - 15. What is the tens digit of v?
2
Let i = 39 + -39. Let r(p) = i*p**2 + 7*p**2 + 15 + 5*p + p - p**2 + p**3. What is the tens digit of r(-5)?
1
What is the units digit of 1/(1/(-7)) + (7131 - -632)?
6
Let k(n) = 25*n**2 - 4*n + 6. Suppose 8 = 4*y - 8. Let c be k(y). Let u = c - 275. What is the tens digit of u?
1
Let a(z) = 53*z**2. Let v be a(1). Let r = v + -30. Suppose r = -3*y + 188. What is the tens digit of y?
5
Suppose -36 = -5*a + 4*t, 3*a - 7*t + 6*t - 16 = 0. Suppose -a*i - m = -923, 3*i - 671 = -0*m - 5*m. What is the units digit of i?
2
Let l(c) = 8*c - 10. Let o be l(2). What is the units digit of (0 + o)*((-43)/(-3) + 1)?
2
Let x(c) = -2863*c**3 + 2*c**2 + 13*c + 11. What is the units digit of x(-1)?
3
Suppose -5*w + 5*f = -2570, -3*w - 3*f + 712 + 854 = 0. What is the hundreds digit of w?
5
Let k = -615 + 1137. Let p = 890 - k. What is the units digit of p?
8
Let r(k) = 124*k**2 - k + 53129. What is the ten thousands digit of r(0)?
5
Let z(i) = i**2 + 2. Let b be z(-4). Suppose 70 - 134 = 4*v. Let a = b - v. What is the units digit of a?
4
What is the thousands digit of ((-4 - 116691)/(-5))/((-121)/33 + 4)?
0
Suppose -3*r + 52418 = 5*h - 17012, -r = 5*h - 69420. What is the thousands digit of h?
3
Suppose 5*v = -189 - 226. Let a = 93 - v. What is the units digit of a?
6
Suppose 4*h - 1401 = 10*x - 13*x, 4*h + 5*x = 1399. Let u = h - -176. What is the units digit of u?
7
Let h be 0/(-8) + 2 + 0. Suppose -4*r = -3*g - 987, 0 = h*g - r - r + 656. Let j = -187 - g. What is the tens digit of j?
3
Let w = -184 - -189. Suppose w*z + 0*q = q + 1024, -596 = -3*z - 4*q. What is the hundreds digit of z?
2
Suppose -6*m = -8*m - 4*g + 42, 4*m = 3*g + 139. Let z = m - -438. What is the hundreds digit of z?
4
Let m(w) = 38*w**3 + 7*w**2 - 29*w + 6. Let r be m(4). Let g = -1665 + r. What is the tens digit of g?
6
Suppose 0 = 2*h - 4*d + 48 + 64, 3*d = -3*h - 132. Let l = 9 - h. Suppose l = 4*f + 5. What is the units digit of f?
3
Let g = -12863 - -22244. What is the tens digit of g?
8
Suppose o - 3*q + q - 99 = 0, 2*o - 2*q = 206. Let u = 355 - o. What is the hundreds digit of u?
2
Suppose 4*l - 2555 - 11747 = -3*p, -p = -5*l - 4742. What is the tens digit of p?
6
Suppose -444 - 786 = -5*d. Let n = d - -211. What is the tens digit of n?
5
Let f be (387717/(-9))/(-11) + (-3)/9. Suppose -89*q + 111*q - f = 0. What is the hundreds digit of q?
1
Let f be (6 - 0) + (-11)/11. Suppose -5*r + 3*j + 4089 = j, 4*r - 3261 = f*j. What is the tens digit of r?
1
Let x be 22/3 - (-2 + 20/15). What is the hundreds digit of -1*(-496 + -5 + x)?
4
What is the units digit of ((-14)/1)/(9201/(-920) - -10)?
0
Suppose i = 4*z + 18, z - 2 + 14 = 4*i. Let a be (-4 - 1)*(i/1 + -3). What is the units digit of (95/a)/((-3)/(-9))?
7
Suppose -13*f - 462 = 2775. What is the hundreds digit of (-921)/(4/50 - f/(-300))?
2
Suppose -8*c + 15*c + 9520 = 0. Let z = 764 - c. Suppose -z = -19*n + 7*n. What is the tens digit of n?
7
Let s(n) = 11*n + 48. Let c be s(-4). Let g be c/24*-8*-3. Suppose x = -g*x + 75. What is the units digit of x?
5
Let z(u) = u**3 + 48*u**2 + 43*u + 21. What is the tens digit of z(-45)?
6
Let t be (20/(-40))/((-1